{"id":515,"date":"2022-07-15T00:50:57","date_gmt":"2022-07-14T22:50:57","guid":{"rendered":"http:\/\/pgkimnowadeba.pl\/?page_id=515"},"modified":"2025-08-22T10:52:03","modified_gmt":"2025-08-22T08:52:03","slug":"kontakt","status":"publish","type":"page","link":"https:\/\/pgkimnowadeba.pl\/index.php\/kontakt\/","title":{"rendered":"Kontakt"},"content":{"rendered":"\t\t<div data-elementor-type=\"wp-page\" data-elementor-id=\"515\" class=\"elementor elementor-515\">\n\t\t\t\t\t\t<section class=\"elementor-section elementor-top-section elementor-element elementor-element-42b8e01 elementor-section-stretched elementor-section-boxed elementor-section-height-default elementor-section-height-default\" data-id=\"42b8e01\" data-element_type=\"section\" data-e-type=\"section\" data-settings=\"{&quot;stretch_section&quot;:&quot;section-stretched&quot;}\">\n\t\t\t\t\t\t<div class=\"elementor-container elementor-column-gap-default\">\n\t\t\t\t\t<div class=\"elementor-column elementor-col-100 elementor-top-column elementor-element elementor-element-f806143\" data-id=\"f806143\" data-element_type=\"column\" data-e-type=\"column\">\n\t\t\t<div class=\"elementor-widget-wrap elementor-element-populated\">\n\t\t\t\t\t\t<div class=\"elementor-element elementor-element-91dc32f elementor-widget elementor-widget-heading\" data-id=\"91dc32f\" data-element_type=\"widget\" data-e-type=\"widget\" data-widget_type=\"heading.default\">\n\t\t\t\t\t<h3 class=\"elementor-heading-title elementor-size-default\">Kontakt<\/h3>\t\t\t\t<\/div>\n\t\t\t\t\t<\/div>\n\t\t<\/div>\n\t\t\t\t\t<\/div>\n\t\t<\/section>\n\t\t\t\t<section class=\"elementor-section elementor-top-section elementor-element elementor-element-5a50bd2 elementor-section-boxed elementor-section-height-default elementor-section-height-default\" data-id=\"5a50bd2\" data-element_type=\"section\" data-e-type=\"section\">\n\t\t\t\t\t\t<div class=\"elementor-container elementor-column-gap-default\">\n\t\t\t\t\t<div class=\"elementor-column elementor-col-100 elementor-top-column elementor-element elementor-element-892d304\" data-id=\"892d304\" data-element_type=\"column\" data-e-type=\"column\">\n\t\t\t<div class=\"elementor-widget-wrap elementor-element-populated\">\n\t\t\t\t\t\t<div class=\"elementor-element elementor-element-ff0455b elementor-widget elementor-widget-text-editor\" data-id=\"ff0455b\" data-element_type=\"widget\" data-e-type=\"widget\" data-widget_type=\"text-editor.default\">\n\t\t\t\t\t\t\t\t\t<p style=\"text-align: center;\"><strong>TELEFONY ALARMOWE<\/strong><\/p><p style=\"text-align: center;\"><strong style=\"color: var( --e-global-color-text ); font-family: var( --e-global-typography-text-font-family ), Sans-serif; font-size: var(--global--font-size-base);\">Awarie Wodoci\u0105gowe i\u00a0<\/strong><span style=\"color: var( --e-global-color-text ); font-family: var( --e-global-typography-text-font-family ), Sans-serif; font-size: var(--global--font-size-base); font-weight: bold;\">Kanalizacyjne<\/span><\/p><p style=\"text-align: center;\"><span style=\"text-align: left;\">604 237 412<\/span><\/p><p style=\"line-height: var(--wp--typography--line-height, var(--global--line-height-body)); text-align: center;\"><span style=\"font-weight: bold;\">Awarie Ciep\u0142ownicze<\/span><\/p><p style=\"line-height: var(--wp--typography--line-height, var(--global--line-height-body)); text-align: center;\">662 080 660<\/p><p style=\"text-align: center;\"><strong>Telefony awaryjne dla Wsp\u00f3lnot Mieszkaniowych, na rzecz, kt\u00f3rych wykonujemy us\u0142ug\u0119 konserwacji nieruchomo\u015bci i utrzymanie pogotowia awaryjnego dost\u0119pne w godzinach 15.00 &#8211; 7.00\u00a0<\/strong><\/p><p style=\"text-align: center;\"><strong>Awarie Elektryczne<\/strong><\/p><p style=\"text-align: center;\">668\u00a0234\u00a0767<br \/>698 642 455<\/p><p style=\"text-align: center;\"><strong>Awarie Hydrauliczne<\/strong><\/p><p style=\"text-align: center;\">668 234 765<\/p><p>Adres poczty elektronicznej: <a href=\"mailto:biuro@pgkimnowadeba.pl\"><strong><u>biuro@pgkimnowadeba.pl<\/u><\/strong><\/a><\/p><p>Kontakt dla sygnalist\u00f3w: <a href=\"mailto:sygnalisci@pgkimnowadeba.pl\"><strong>sygnalisci@pgkimnowadeba.pl<\/strong><\/a><\/p><p><strong>Po\u0142\u0105czenie telefoniczne:<\/strong><\/p><p>Centrala:<\/p><p>tel. 15 846 2641<br \/>tel. 15 846 2642<br \/>tel. kom.\u00a0539 734\u00a0415<\/p><p><strong><br \/>Zak\u0142ad Obs\u0142ugi Nieruchomo\u015bci i Zam\u00f3wie\u0144: Kierownik &#8211; Piotr Flis<\/strong><\/p><p>tel. 15 846 2641 wew. 45 lub 55<br \/>tel. kom. 608 072 269<\/p><p><strong>Zak\u0142ad Energetyki Cieplnej: Kierownik &#8211; Andrzej Mazgaj<\/strong><\/p><p>tel. 15 846 2641 wew. 42<br \/>tel. kom.\u00a0698 642 465<\/p><p><strong><br \/>Zak\u0142adu Us\u0142ug Komunalnych:\u00a0<\/strong><span style=\"font-weight: bold; color: var( --e-global-color-text ); font-family: var( --e-global-typography-text-font-family ), Sans-serif; font-size: var(--global--font-size-base);\">Kierownik &#8211; Mieczys\u0142aw Jamr\u00f3z<\/span><\/p><p><strong>(ziele\u0144, sprz\u0105tanie, wyw\u00f3z nieczysto\u015bci)<\/strong><\/p><p><span style=\"color: var( --e-global-color-text ); font-family: var( --e-global-typography-text-font-family ), Sans-serif; font-weight: var( --e-global-typography-text-font-weight ); font-size: var(--global--font-size-base);\">tel. 15 846 2641 wew. 30\u00a0<\/span><\/p><p>tel. kom. 668 218\u00a0367<\/p><p><span style=\"font-weight: bold; color: var( --e-global-color-text ); font-family: var( --e-global-typography-text-font-family ), Sans-serif; font-size: var(--global--font-size-base);\">formalno\u015bci pogrzebowe:<\/span><\/p><p style=\"line-height: var(--wp--typography--line-height, var(--global--line-height-body));\"><span style=\"font-weight: bold;\">Mieczys\u0142aw Jamr\u00f3z<\/span><span style=\"font-weight: bold;\"><br \/><\/span><\/p><p style=\"line-height: var(--wp--typography--line-height, var(--global--line-height-body));\">tel. 15 846 2641 wew. 30<\/p><p style=\"line-height: var(--wp--typography--line-height, var(--global--line-height-body));\">tel. kom. 668 218\u00a0367<\/p><p><strong>Mariola Sudo\u0142<br \/><\/strong>tel. 15 846 2641 wew. 54<br \/>tel. kom. 602 517 778<\/p><p><strong><br \/>Zak\u0142ad Oczyszczalni i Przepompowni \u015aciek\u00f3w: Kierownik &#8211; Marcin Pi\u00f3rek<\/strong><\/p><p>tel. kom. 668 124 518<\/p><p>tel. kom. 962\u00a0963 215<\/p><p><strong><br \/>Zak\u0142ad Uj\u0119cia Wody i Magazynu: Kierownik &#8211; Witold Mas\u0142yk <\/strong><\/p><p>tel. 15 846 2641 wew. 34<br \/>tel. kom. 608 035\u00a0326<\/p><p>Uj\u0119cie Wody tel. kom. 600 394 518<\/p><p><strong>Zak\u0142ad Obs\u0142ugi Sieci Wodno-Kanalizacyjnej (warunki przy\u0142\u0105czy wody i kanalizacji):<br \/>Kierownik &#8211; Marcin Andrusiewicz<br \/><\/strong>tel. 15 846 2641 wew. 31<br \/>tel. kom. 604 237 412<\/p><p><strong>\u00a0<\/strong><\/p><p><strong>Godziny pracy Przedsi\u0119biorstwa<\/strong><\/p><p style=\"text-align: center;\">poniedzia\u0142ek, \u015broda, czwartek od 7<sup>00\u00a0\u00a0<\/sup>do 15<sup>00<\/sup><\/p><p style=\"text-align: center;\">wtorek \u00a0od 7<sup>00\u00a0\u00a0<\/sup>do 17<sup>30<\/sup><\/p><p style=\"text-align: center;\">pi\u0105tek od 7<sup>00\u00a0\u00a0<\/sup>do 12<sup>30<\/sup><\/p><p>\u00a0<strong>Kasa<\/strong><\/p><p style=\"text-align: center;\">wtorek \u00a0od 15<sup>00\u00a0 <\/sup>do 17<sup>30\u00a0<\/sup><\/p><p style=\"text-align: center;\"><span style=\"color: var(--global--color-primary); font-family: var(--global--font-secondary); font-size: var(--global--font-size-base);\">\u015broda od 7<\/span><sup style=\"color: var(--global--color-primary); font-family: var(--global--font-secondary);\">00\u00a0<\/sup><span style=\"color: var(--global--color-primary); font-family: var(--global--font-secondary); font-size: var(--global--font-size-base);\">do 15<\/span><sup style=\"color: var(--global--color-primary); font-family: var(--global--font-secondary);\">00<\/sup><\/p><p style=\"text-align: center;\">pi\u0105tek od 7<sup>00\u00a0 <\/sup>do 12<sup>30<\/sup><\/p><p style=\"text-align: left;\"><strong>PSZOK<\/strong><\/p><p style=\"text-align: center;\">poniedzia\u0142ek, czwartek \u00a0od 8.00 do 14.00<br \/>wtorek \u00a0od 8.00 do 17.00<\/p><p style=\"text-align: center;\">oraz ostatnia sobota miesi\u0105ca od 8.00 do 14.00<strong><br \/>W niedziel\u0119 i \u015bwi\u0119ta PSZOK jest nieczynny.<\/strong><\/p>\t\t\t\t\t\t\t\t<\/div>\n\t\t\t\t\t<\/div>\n\t\t<\/div>\n\t\t\t\t\t<\/div>\n\t\t<\/section>\n\t\t\t\t<section class=\"elementor-section elementor-top-section elementor-element elementor-element-e328e53 elementor-section-boxed elementor-section-height-default elementor-section-height-default\" data-id=\"e328e53\" data-element_type=\"section\" data-e-type=\"section\">\n\t\t\t\t\t\t<div class=\"elementor-container elementor-column-gap-default\">\n\t\t\t\t\t<div class=\"elementor-column elementor-col-100 elementor-top-column elementor-element elementor-element-6b924ed\" data-id=\"6b924ed\" data-element_type=\"column\" data-e-type=\"column\">\n\t\t\t<div class=\"elementor-widget-wrap elementor-element-populated\">\n\t\t\t\t\t\t<div class=\"elementor-element elementor-element-0ad3cf6 elementor-widget elementor-widget-wpforms\" data-id=\"0ad3cf6\" data-element_type=\"widget\" data-e-type=\"widget\" data-widget_type=\"wpforms.default\">\n\t\t\t\t<div class=\"elementor-widget-container\">\n\t\t\t\t\t<div class=\"wpforms-container wpforms-container-full\" id=\"wpforms-701\"><form id=\"wpforms-form-701\" class=\"wpforms-validate wpforms-form wpforms-ajax-form\" data-formid=\"701\" method=\"post\" enctype=\"multipart\/form-data\" action=\"\/index.php\/wp-json\/wp\/v2\/pages\/515\" data-token=\"73e54509e4c8ff6917dd6900ef6917fd\" data-token-time=\"1776762537\"><noscript class=\"wpforms-error-noscript\">Aby wype\u0142ni\u0107 ten formularz, w\u0142\u0105cz obs\u0142ug\u0119 JavaScript w przegl\u0105darce.<\/noscript><div class=\"wpforms-field-container\"><div id=\"wpforms-701-field_2-container\" class=\"wpforms-field wpforms-field-text\" data-field-id=\"2\"><label class=\"wpforms-field-label\" for=\"wpforms-701-field_2\">Imi\u0119 i nazwisko \/ Nazwa firmy <span class=\"wpforms-required-label\">*<\/span><\/label><input type=\"text\" id=\"wpforms-701-field_2\" class=\"wpforms-field-medium wpforms-field-required\" name=\"wpforms[fields][2]\" required><\/div><div id=\"wpforms-701-field_3-container\" class=\"wpforms-field wpforms-field-email\" data-field-id=\"3\"><label class=\"wpforms-field-label\" for=\"wpforms-701-field_3\">Email <span class=\"wpforms-required-label\">*<\/span><\/label><input type=\"email\" id=\"wpforms-701-field_3\" class=\"wpforms-field-medium wpforms-field-required\" name=\"wpforms[fields][3]\" spellcheck=\"false\" required><\/div><div id=\"wpforms-701-field_4-container\" class=\"wpforms-field wpforms-field-text\" data-field-id=\"4\"><label class=\"wpforms-field-label\" for=\"wpforms-701-field_4\">Numer telefonu<\/label><input type=\"text\" id=\"wpforms-701-field_4\" class=\"wpforms-field-medium\" name=\"wpforms[fields][4]\" ><\/div><div id=\"wpforms-701-field_5-container\" class=\"wpforms-field wpforms-field-textarea\" data-field-id=\"5\"><label class=\"wpforms-field-label\" for=\"wpforms-701-field_5\">Tre\u015b\u0107 wiadomo\u015bci <span class=\"wpforms-required-label\">*<\/span><\/label><textarea id=\"wpforms-701-field_5\" class=\"wpforms-field-medium wpforms-field-required\" name=\"wpforms[fields][5]\" required><\/textarea><\/div>\t\t<div id=\"wpforms-701-field_1-container\"\n\t\t\tclass=\"wpforms-field wpforms-field-text\"\n\t\t\tdata-field-type=\"text\"\n\t\t\tdata-field-id=\"1\"\n\t\t\t>\n\t\t\t<label class=\"wpforms-field-label\" for=\"wpforms-701-field_1\" >Imi\u0119 na wiadomo\u015bci<\/label>\n\t\t\t<input type=\"text\" id=\"wpforms-701-field_1\" class=\"wpforms-field-medium\" name=\"wpforms[fields][1]\" >\n\t\t<\/div>\n\t\t<div id=\"wpforms-701-field_6-container\" class=\"wpforms-field wpforms-field-checkbox\" data-field-id=\"6\"><label class=\"wpforms-field-label\">Zgoda na przetwarzanie danych osobowych <span class=\"wpforms-required-label\">*<\/span><\/label><ul id=\"wpforms-701-field_6\" class=\"wpforms-field-required\"><li class=\"choice-1 depth-1\"><input type=\"checkbox\" id=\"wpforms-701-field_6_1\" name=\"wpforms[fields][6][]\" value=\" *\t  Administratorem danych osobowych jest Przedsi\u0119biorstwo Gospodarki Komunalnej i Mieszkaniowej Sp. z o.o. ul. Le\u015bna 1, 39-460 Nowa D\u0119ba. Dane wpisane w formularzu kontaktowym b\u0119d\u0105 przetwarzane w celu udzielenia odpowiedzi na przes\u0142ane zapytanie zgodnie z POLITYK\u0104 PRYWATNO\u015aCI\t\" required ><label class=\"wpforms-field-label-inline\" for=\"wpforms-701-field_6_1\">*\t  Administratorem danych osobowych jest Przedsi\u0119biorstwo Gospodarki Komunalnej i Mieszkaniowej Sp. z o.o. ul. Le\u015bna 1, 39-460 Nowa D\u0119ba. Dane wpisane w formularzu kontaktowym b\u0119d\u0105 przetwarzane w celu udzielenia odpowiedzi na przes\u0142ane zapytanie zgodnie z POLITYK\u0104 PRYWATNO\u015aCI<\/label><\/li><\/ul><\/div><script>\n\t\t\t\t( function() {\n\t\t\t\t\tconst style = document.createElement( 'style' );\n\t\t\t\t\tstyle.appendChild( document.createTextNode( '#wpforms-701-field_1-container { position: absolute !important; overflow: hidden !important; display: inline !important; height: 1px !important; width: 1px !important; z-index: -1000 !important; padding: 0 !important; } #wpforms-701-field_1-container input { visibility: hidden; } #wpforms-conversational-form-page #wpforms-701-field_1-container label { counter-increment: none; }' ) );\n\t\t\t\t\tdocument.head.appendChild( style );\n\t\t\t\t\tdocument.currentScript?.remove();\n\t\t\t\t} )();\n\t\t\t<\/script><\/div><!-- .wpforms-field-container -->\r\n\t\t\t<script>\r\n\t\t\tif ( typeof huOptions !== 'undefined' ) {\r\n\t\t\t\tvar huFormData = {\"source\":\"wpforms\",\"id\":701,\"title\":\"Kontakt\",\"fields\":{\"subject\":{\"first_name\":\"\",\"last_name\":\"\"}}};\r\n\t\t\t\tvar huFormNode = document.querySelector( '[id=\"wpforms-701\"] form' );\r\n\r\n\t\t\t\tvar firstName = huFormNode.querySelector( 'input.wpforms-field-name-first' );\r\n\t\t\t\tvar lastName = huFormNode.querySelector( 'input.wpforms-field-name-last' );\r\n\r\n\t\t\t\tif ( firstName )\r\n\t\t\t\t\thuFormData['fields']['subject']['first_name'] = firstName.getAttribute( 'name' );\r\n\r\n\t\t\t\tif ( lastName )\r\n\t\t\t\t\thuFormData['fields']['subject']['last_name'] = lastName.getAttribute( 'name' );\r\n\r\n\t\t\t\thuFormData['node'] = huFormNode;\r\n\t\t\t\thuOptions['forms'].push( huFormData );\r\n\t\t\t}\r\n\t\t\t<\/script><div class=\"wpforms-recaptcha-container wpforms-is-recaptcha wpforms-is-recaptcha-type-v3\" ><input type=\"hidden\" name=\"wpforms[recaptcha]\" value=\"\"><\/div><div class=\"wpforms-submit-container\" ><input type=\"hidden\" name=\"wpforms[id]\" value=\"701\"><input type=\"hidden\" name=\"page_title\" value=\"\"><input type=\"hidden\" name=\"page_url\" value=\"https:\/\/pgkimnowadeba.pl\/index.php\/wp-json\/wp\/v2\/pages\/515\"><input type=\"hidden\" name=\"url_referer\" value=\"\"><button type=\"submit\" name=\"wpforms[submit]\" id=\"wpforms-submit-701\" class=\"wpforms-submit\" data-alt-text=\"Wysy\u0142anie...\" data-submit-text=\"Wy\u015blij\" aria-live=\"assertive\" value=\"wpforms-submit\">Wy\u015blij<\/button><img decoding=\"async\" src=\"https:\/\/pgkimnowadeba.pl\/wp-content\/plugins\/wpforms-lite\/assets\/images\/submit-spin.svg\" class=\"wpforms-submit-spinner\" style=\"display: none;\" width=\"26\" height=\"26\" alt=\"Wczytywanie\"><\/div><\/form><\/div>  <!-- .wpforms-container -->\t\t\t\t<\/div>\n\t\t\t\t<\/div>\n\t\t\t\t\t<\/div>\n\t\t<\/div>\n\t\t\t\t\t<\/div>\n\t\t<\/section>\n\t\t\t\t<\/div>\n\t\t","protected":false},"excerpt":{"rendered":"<p>Kontakt TELEFONY ALARMOWE Awarie Wodoci\u0105gowe i\u00a0Kanalizacyjne 604 237 412 Awarie Ciep\u0142ownicze 662 080 660 Telefony awaryjne dla Wsp\u00f3lnot Mieszkaniowych, na rzecz, kt\u00f3rych wykonujemy us\u0142ug\u0119 konserwacji nieruchomo\u015bci i utrzymanie pogotowia awaryjnego dost\u0119pne w godzinach 15.00 &#8211; 7.00\u00a0 Awarie Elektryczne 668\u00a0234\u00a0767698 642 455 Awarie Hydrauliczne 668 234 765 Adres poczty elektronicznej: biuro@pgkimnowadeba.pl Kontakt dla sygnalist\u00f3w: sygnalisci@pgkimnowadeba.pl Po\u0142\u0105czenie&hellip;<\/p>\n","protected":false},"author":1,"featured_media":0,"parent":0,"menu_order":0,"comment_status":"closed","ping_status":"closed","template":"","meta":{"content-type":"","ngg_post_thumbnail":0,"footnotes":""},"class_list":["post-515","page","type-page","status-publish","hentry"],"_links":{"self":[{"href":"https:\/\/pgkimnowadeba.pl\/index.php\/wp-json\/wp\/v2\/pages\/515","targetHints":{"allow":["GET"]}}],"collection":[{"href":"https:\/\/pgkimnowadeba.pl\/index.php\/wp-json\/wp\/v2\/pages"}],"about":[{"href":"https:\/\/pgkimnowadeba.pl\/index.php\/wp-json\/wp\/v2\/types\/page"}],"author":[{"embeddable":true,"href":"https:\/\/pgkimnowadeba.pl\/index.php\/wp-json\/wp\/v2\/users\/1"}],"replies":[{"embeddable":true,"href":"https:\/\/pgkimnowadeba.pl\/index.php\/wp-json\/wp\/v2\/comments?post=515"}],"version-history":[{"count":0,"href":"https:\/\/pgkimnowadeba.pl\/index.php\/wp-json\/wp\/v2\/pages\/515\/revisions"}],"wp:attachment":[{"href":"https:\/\/pgkimnowadeba.pl\/index.php\/wp-json\/wp\/v2\/media?parent=515"}],"curies":[{"name":"wp","href":"https:\/\/api.w.org\/{rel}","templated":true}]}}